{"id":111,"date":"2011-09-06T11:41:56","date_gmt":"2011-09-06T10:41:56","guid":{"rendered":"http:\/\/silviaterribili.org\/blog\/wordpress\/?page_id=111"},"modified":"2016-11-10T19:59:21","modified_gmt":"2016-11-10T18:59:21","slug":"cv","status":"publish","type":"page","link":"https:\/\/silviaterribili.org\/?page_id=111","title":{"rendered":"CV"},"content":{"rendered":"<h1>Curriculum Vitae<\/h1>\n<p>&nbsp;<\/p>\n<p>Silvia Terribili, nata ad Amelia (TR) nel 1957. Laureata in lingua e Letteratura inglese nel 1981 con una tesi su: Rembrandt nella Letteratura olandese. Vive ad Amsterdam al 1980.<\/p>\n<p>Dal 1993 conduce il programma radiofonico Liberalaradio trasmesso da Radio Onda Italiana su Radio Salto Amsterdam (www.salto.nl) (www.youtube. com\/liberalaradi o)<\/p>\n<p>Conosce l\u2019olandese e l\u2019inglese. Fa parte del Gruppo teatrale Quelli di Astaroth.<\/p>\n<h3>Attivit\u00e0 socio-culturali e politiche<\/h3>\n<p>Dal 2000 fa politica attiva e si occupa in particolare di : inquinamento ambientale e politiche energetiche, agricoltura biologica, politiche europee, movimento internazionale anti TTIP\/CETA\/TISA.<\/p>\n<p>Si \u00e8 candidata con Italia dei Valori alle elezioni politiche del 2006 e del 2008 per la circoscrizione Europa, Camera ottenendo 1395 preferenze in tutta l&#8217;Europa.<\/p>\n<p>Dal 1986 al 1988 ha collaborato alle campagne internazionali contro l&#8217;Inquinamento atmosferico e l&#8217;energia nucleare con le associazioni ambientaliste Friends of the Earth, WISE (World Information Service on Energy) e EYFA (European Youth Forest Action).<\/p>\n<p>Dal 1993 fino al 2003 ha fatto parte del consiglio per le Comunit\u00e0 del Sud Europa del Comune di Amsterdam, incaricato di fornire un parere sulle politiche per gli emigrati sudeuropei ad Amsterdam<\/p>\n<p>Dal 1998 fa parte del coordinamento Esteri della CGIL.<\/p>\n<p>&nbsp;<\/p>\n<p>E&#8217;referente di Rifondazione Comunista Paesi Bassi e attivista nel partito olandese SP.<\/p>\n<p>Collabora con l\u2019associazione Liberacittadinanza<\/p>\n<p>&nbsp;<\/p>\n<p>Non \u00e8 iscritta a nessuna associazione segreta.<\/p>\n<p>E\u2019 credente e si ispira alla religione cristiana di tipo francescano, fondata sul principio dell\u2019amore per il prossimo, della difesa dei pi\u00f9 deboli e dei pi\u00f9 poveri, del rifiuto della guerra e di ogni forma di violenza e sopraffazione da parte del pi\u00f9 forte, della necessit\u00e0 di porre gli ideali al di sopra del profitto.<\/p>\n","protected":false},"excerpt":{"rendered":"<p>Curriculum Vitae &nbsp; Silvia Terribili, nata ad Amelia (TR) nel 1957. Laureata in lingua e Letteratura inglese nel 1981 con una tesi su: Rembrandt nella Letteratura olandese. Vive ad Amsterdam al 1980. Dal 1993 conduce il programma radiofonico Liberalaradio trasmesso &hellip; <a href=\"https:\/\/silviaterribili.org\/?page_id=111\">Continue reading <span class=\"meta-nav\">&rarr;<\/span><\/a><\/p>\n","protected":false},"author":7,"featured_media":0,"parent":0,"menu_order":0,"comment_status":"open","ping_status":"open","template":"","meta":{"footnotes":""},"class_list":["post-111","page","type-page","status-publish","hentry"],"_links":{"self":[{"href":"https:\/\/silviaterribili.org\/index.php?rest_route=\/wp\/v2\/pages\/111","targetHints":{"allow":["GET"]}}],"collection":[{"href":"https:\/\/silviaterribili.org\/index.php?rest_route=\/wp\/v2\/pages"}],"about":[{"href":"https:\/\/silviaterribili.org\/index.php?rest_route=\/wp\/v2\/types\/page"}],"author":[{"embeddable":true,"href":"https:\/\/silviaterribili.org\/index.php?rest_route=\/wp\/v2\/users\/7"}],"replies":[{"embeddable":true,"href":"https:\/\/silviaterribili.org\/index.php?rest_route=%2Fwp%2Fv2%2Fcomments&post=111"}],"version-history":[{"count":4,"href":"https:\/\/silviaterribili.org\/index.php?rest_route=\/wp\/v2\/pages\/111\/revisions"}],"predecessor-version":[{"id":551,"href":"https:\/\/silviaterribili.org\/index.php?rest_route=\/wp\/v2\/pages\/111\/revisions\/551"}],"wp:attachment":[{"href":"https:\/\/silviaterribili.org\/index.php?rest_route=%2Fwp%2Fv2%2Fmedia&parent=111"}],"curies":[{"name":"wp","href":"https:\/\/api.w.org\/{rel}","templated":true}]}}

<h1>Curriculum Vitae</h1>
<p>&nbsp;</p>
<p>Silvia Terribili, nata ad Amelia (TR) nel 1957. Laureata in lingua e Letteratura inglese nel 1981 con una tesi su: Rembrandt nella Letteratura olandese. Vive ad Amsterdam al 1980.</p>
<p>Dal 1993 conduce il programma radiofonico Liberalaradio trasmesso da Radio Onda Italiana su Radio Salto Amsterdam (www.salto.nl) (www.youtube. com/liberalaradi o)</p>
<p>Conosce l’olandese e l’inglese. Fa parte del Gruppo teatrale Quelli di Astaroth.</p>
<h3>Attività socio-culturali e politiche</h3>
<p>Dal 2000 fa politica attiva e si occupa in particolare di : inquinamento ambientale e politiche energetiche, agricoltura biologica, politiche europee, movimento internazionale anti TTIP/CETA/TISA.</p>
<p>Si è candidata con Italia dei Valori alle elezioni politiche del 2006 e del 2008 per la circoscrizione Europa, Camera ottenendo 1395 preferenze in tutta l&#8217;Europa.</p>
<p>Dal 1986 al 1988 ha collaborato alle campagne internazionali contro l&#8217;Inquinamento atmosferico e l&#8217;energia nucleare con le associazioni ambientaliste Friends of the Earth, WISE (World Information Service on Energy) e EYFA (European Youth Forest Action).</p>
<p>Dal 1993 fino al 2003 ha fatto parte del consiglio per le Comunità del Sud Europa del Comune di Amsterdam, incaricato di fornire un parere sulle politiche per gli emigrati sudeuropei ad Amsterdam</p>
<p>Dal 1998 fa parte del coordinamento Esteri della CGIL.</p>
<p>&nbsp;</p>
<p>E&#8217;referente di Rifondazione Comunista Paesi Bassi e attivista nel partito olandese SP.</p>
<p>Collabora con l’associazione Liberacittadinanza</p>
<p>&nbsp;</p>
<p>Non è iscritta a nessuna associazione segreta.</p>
<p>E’ credente e si ispira alla religione cristiana di tipo francescano, fondata sul principio dell’amore per il prossimo, della difesa dei più deboli e dei più poveri, del rifiuto della guerra e di ogni forma di violenza e sopraffazione da parte del più forte, della necessità di porre gli ideali al di sopra del profitto.</p>
